{"id":492,"date":"2025-05-29T09:05:20","date_gmt":"2025-05-29T06:05:20","guid":{"rendered":"https:\/\/adriportfoolio6.wordpress.com\/?page_id=492"},"modified":"2025-05-29T09:05:20","modified_gmt":"2025-05-29T06:05:20","slug":"nosql-andmebaas","status":"publish","type":"page","link":"https:\/\/adrianapikaljov24.thkit.ee\/wp\/eng\/nosql-andmebaas\/","title":{"rendered":"noSQL andmebaas"},"content":{"rendered":"\n<p><\/p>\n\n\n\n<p>avame terminali ja kirjutame <code>show dbs<\/code>, et vaadata meie andmebaase. Seej\u00e4rel loome uue andmebaasi nimega &#8220;mongo&#8221; ning selles kollektsiooni &#8220;users&#8221;:<\/p>\n\n\n\n<figure class=\"wp-block-image size-large\"><img decoding=\"async\" src=\"https:\/\/adriportfoolio6.wordpress.com\/wp-content\/uploads\/2025\/05\/pilt-61.png?w=264\" alt=\"\" class=\"wp-image-495\" \/><\/figure>\n\n\n\n<p>siin n\u00e4eme, et andmebaas on loodud ja k\u00f5ik andmed on lisatud:<\/p>\n\n\n\n<figure class=\"wp-block-image size-large\"><img decoding=\"async\" src=\"https:\/\/adriportfoolio6.wordpress.com\/wp-content\/uploads\/2025\/05\/pilt-62.png?w=1024\" alt=\"\" class=\"wp-image-496\" \/><\/figure>\n\n\n\n<p>n\u00e4ide jaoks kustutame seda andmebaasi:<\/p>\n\n\n\n<figure class=\"wp-block-image size-large\"><img decoding=\"async\" src=\"https:\/\/adriportfoolio6.wordpress.com\/wp-content\/uploads\/2025\/05\/pilt-64.png?w=257\" alt=\"\" class=\"wp-image-498\" \/><\/figure>\n\n\n\n<figure class=\"wp-block-image size-large\"><img decoding=\"async\" src=\"https:\/\/adriportfoolio6.wordpress.com\/wp-content\/uploads\/2025\/05\/pilt-63.png?w=803\" alt=\"\" class=\"wp-image-497\" \/><\/figure>\n\n\n\n<p>see k\u00e4sk loob kollektsioonis uue kasutaja nimega ja vanusega:<\/p>\n\n\n\n<figure class=\"wp-block-image size-large\"><img decoding=\"async\" src=\"https:\/\/adriportfoolio6.wordpress.com\/wp-content\/uploads\/2025\/05\/pilt-65.png?w=386\" alt=\"\" class=\"wp-image-499\" \/><\/figure>\n\n\n\n<p>tagastame k\u00f5ik:<\/p>\n\n\n\n<figure class=\"wp-block-image size-large\"><img decoding=\"async\" src=\"https:\/\/adriportfoolio6.wordpress.com\/wp-content\/uploads\/2025\/05\/pilt-66.png?w=389\" alt=\"\" class=\"wp-image-500\" \/><\/figure>\n\n\n\n<p>lisame korraga mitu andmeid:<\/p>\n\n\n\n<figure class=\"wp-block-image size-large\"><img decoding=\"async\" src=\"https:\/\/adriportfoolio6.wordpress.com\/wp-content\/uploads\/2025\/05\/pilt-67.png?w=758\" alt=\"\" class=\"wp-image-501\" \/><\/figure>\n\n\n\n<p>tagastame andmed:<\/p>\n\n\n\n<figure class=\"wp-block-image size-large\"><img decoding=\"async\" src=\"https:\/\/adriportfoolio6.wordpress.com\/wp-content\/uploads\/2025\/05\/pilt-68.png?w=399\" alt=\"\" class=\"wp-image-502\" \/><\/figure>\n\n\n\n<p>otsime k\u00f5ik kasutajad, kelle vanus on 17:<\/p>\n\n\n\n<figure class=\"wp-block-image size-large\"><img decoding=\"async\" src=\"https:\/\/adriportfoolio6.wordpress.com\/wp-content\/uploads\/2025\/05\/pilt-69.png?w=373\" alt=\"\" class=\"wp-image-503\" \/><\/figure>\n\n\n\n<p>see k\u00e4sk ei tagasta midagi sest, seda kirjet pole:<\/p>\n\n\n\n<figure class=\"wp-block-image size-large\"><img decoding=\"async\" src=\"https:\/\/adriportfoolio6.wordpress.com\/wp-content\/uploads\/2025\/05\/pilt-70.png?w=345\" alt=\"\" class=\"wp-image-504\" \/><\/figure>\n\n\n\n<p>otsime k\u00f5ik kasutajad,<strong> <\/strong>kelle nimi on &#8220;adri&#8221; v\u00f5i vanus on 19:<\/p>\n\n\n\n<figure class=\"wp-block-image size-large\"><img decoding=\"async\" src=\"https:\/\/adriportfoolio6.wordpress.com\/wp-content\/uploads\/2025\/05\/pilt-71.png?w=387\" alt=\"\" class=\"wp-image-505\" \/><\/figure>\n\n\n\n<p>otsime k\u00f5ik kasutajad, kelle vanus on v\u00e4iksem kui 19:<\/p>\n\n\n\n<figure class=\"wp-block-image size-large\"><img decoding=\"async\" src=\"https:\/\/adriportfoolio6.wordpress.com\/wp-content\/uploads\/2025\/05\/pilt-72.png?w=367\" alt=\"\" class=\"wp-image-506\" \/><\/figure>\n\n\n\n<p>otsime k\u00f5ik kasutajad, kelle vanus on v\u00e4iksem v\u00f5i v\u00f5rdne 5-ga:<\/p>\n\n\n\n<figure class=\"wp-block-image size-large\"><img decoding=\"async\" src=\"https:\/\/adriportfoolio6.wordpress.com\/wp-content\/uploads\/2025\/05\/pilt-73.png?w=375\" alt=\"\" class=\"wp-image-507\" \/><\/figure>\n\n\n\n<p>otsime k\u00f5ik kasutajad, kelle vanus on suurem kui 15:<\/p>\n\n\n\n<figure class=\"wp-block-image size-large\"><img decoding=\"async\" src=\"https:\/\/adriportfoolio6.wordpress.com\/wp-content\/uploads\/2025\/05\/pilt-74.png?w=432\" alt=\"\" class=\"wp-image-508\" \/><\/figure>\n\n\n\n<p>otsime k\u00f5ik kasutajad, kelle vanus on 19 v\u00f5i rohkem:<\/p>\n\n\n\n<figure class=\"wp-block-image size-large\"><img decoding=\"async\" src=\"https:\/\/adriportfoolio6.wordpress.com\/wp-content\/uploads\/2025\/05\/pilt-75.png?w=379\" alt=\"\" class=\"wp-image-509\" \/><\/figure>\n\n\n\n<p>otsime k\u00f5ik kasutajad,<strong> <\/strong>kelle vanus ei ole 19:<\/p>\n\n\n\n<figure class=\"wp-block-image size-large\"><img decoding=\"async\" src=\"https:\/\/adriportfoolio6.wordpress.com\/wp-content\/uploads\/2025\/05\/pilt-76.png?w=411\" alt=\"\" class=\"wp-image-510\" \/><\/figure>\n\n\n\n<p>tagastame k\u00f5ik kasutajad ja sordib nad vanuse j\u00e4rgi kahanevalt:<\/p>\n\n\n\n<figure class=\"wp-block-image size-large\"><img decoding=\"async\" src=\"https:\/\/adriportfoolio6.wordpress.com\/wp-content\/uploads\/2025\/05\/pilt-77.png?w=361\" alt=\"\" class=\"wp-image-511\" \/><\/figure>\n\n\n\n<p>tagastame k\u00f5igest kaks esimest kasutajat kollektsioonist:<\/p>\n\n\n\n<figure class=\"wp-block-image size-large\"><img decoding=\"async\" src=\"https:\/\/adriportfoolio6.wordpress.com\/wp-content\/uploads\/2025\/05\/pilt-78.png?w=372\" alt=\"\" class=\"wp-image-512\" \/><\/figure>\n\n\n\n<p>otsime \u00fcksikut kasutajat, unikaalse ID j\u00e4rgi:<\/p>\n\n\n\n<figure class=\"wp-block-image size-large\"><img decoding=\"async\" src=\"https:\/\/adriportfoolio6.wordpress.com\/wp-content\/uploads\/2025\/05\/pilt-79.png?w=486\" alt=\"\" class=\"wp-image-513\" \/><\/figure>\n\n\n\n<p>otsime \u00fcksikut kasutajat, kelle vanus on 5:<\/p>\n\n\n\n<figure class=\"wp-block-image size-large\"><img decoding=\"async\" src=\"https:\/\/adriportfoolio6.wordpress.com\/wp-content\/uploads\/2025\/05\/pilt-80.png?w=387\" alt=\"\" class=\"wp-image-514\" \/><\/figure>\n\n\n\n<p>muudame nimega &#8220;adri&#8221; kasutaja nime &#8220;adriana&#8221; ning seame vanuseks 100:<\/p>\n\n\n\n<figure class=\"wp-block-image size-large\"><img decoding=\"async\" src=\"https:\/\/adriportfoolio6.wordpress.com\/wp-content\/uploads\/2025\/05\/pilt-81.png?w=518\" alt=\"\" class=\"wp-image-515\" \/><\/figure>\n\n\n\n<p>tagastame:<\/p>\n\n\n\n<figure class=\"wp-block-image size-large\"><img decoding=\"async\" src=\"https:\/\/adriportfoolio6.wordpress.com\/wp-content\/uploads\/2025\/05\/pilt-82.png?w=408\" alt=\"\" class=\"wp-image-516\" \/><\/figure>\n\n\n\n<p>muudame k\u00f5ikides dokumentides v\u00e4lja <code>name<\/code> v\u00e4ljanimeks <code>\"ilon mask\"<\/code> (p\u00e4rast ma vahetasin ilon mask fullnamile):<\/p>\n\n\n\n<figure class=\"wp-block-image size-large\"><img decoding=\"async\" src=\"https:\/\/adriportfoolio6.wordpress.com\/wp-content\/uploads\/2025\/05\/pilt-83.png?w=422\" alt=\"\" class=\"wp-image-517\" \/><\/figure>\n\n\n\n<p>tagastame:<\/p>\n\n\n\n<figure class=\"wp-block-image size-large is-resized\"><img decoding=\"async\" src=\"https:\/\/adriportfoolio6.wordpress.com\/wp-content\/uploads\/2025\/05\/pilt-84.png?w=378\" alt=\"\" class=\"wp-image-518\" style=\"width:378px;height:auto\" \/><\/figure>\n\n\n\n<p>kustutame esimese kasutaja, kelle vanus on 5:<\/p>\n\n\n\n<figure class=\"wp-block-image size-large\"><img decoding=\"async\" src=\"https:\/\/adriportfoolio6.wordpress.com\/wp-content\/uploads\/2025\/05\/pilt-85.png?w=246\" alt=\"\" class=\"wp-image-519\" \/><\/figure>\n\n\n\n<p>tagastame:<\/p>\n\n\n\n<figure class=\"wp-block-image size-large\"><img decoding=\"async\" src=\"https:\/\/adriportfoolio6.wordpress.com\/wp-content\/uploads\/2025\/05\/pilt-86.png?w=392\" alt=\"\" class=\"wp-image-520\" \/><\/figure>\n\n\n\n<p>sisestame \u00fche uue kasutaja ja kustutame \u00fche olemasoleva \u00fche k\u00e4sklusega:<\/p>\n\n\n\n<figure class=\"wp-block-image size-large\"><img decoding=\"async\" src=\"https:\/\/adriportfoolio6.wordpress.com\/wp-content\/uploads\/2025\/05\/pilt-88.png?w=934\" alt=\"\" class=\"wp-image-522\" \/><\/figure>\n\n\n\n<p>tagastame:<\/p>\n\n\n\n<figure class=\"wp-block-image size-large\"><img decoding=\"async\" src=\"https:\/\/adriportfoolio6.wordpress.com\/wp-content\/uploads\/2025\/05\/pilt-89.png?w=435\" alt=\"\" class=\"wp-image-523\" \/><\/figure>\n\n\n\n<p>see p\u00e4ring leiab kasutaja nimega &#8220;ADRI2&#8221; ja lisab v\u00f5i uuendab tema postitused kahe uue postitusega:<\/p>\n\n\n\n<figure class=\"wp-block-image size-large\"><img decoding=\"async\" src=\"https:\/\/adriportfoolio6.wordpress.com\/wp-content\/uploads\/2025\/05\/pilt-92.png?w=994\" alt=\"\" class=\"wp-image-526\" \/><\/figure>\n\n\n\n<figure class=\"wp-block-image size-large\"><img decoding=\"async\" src=\"https:\/\/adriportfoolio6.wordpress.com\/wp-content\/uploads\/2025\/05\/pilt-93.png?w=425\" alt=\"\" class=\"wp-image-527\" \/><\/figure>\n\n\n\n<p>leiame \u00fche kasutaja nimega<strong> <\/strong>&#8220;ADRI2&#8221; ja kuvame ainult tema <code>posts<\/code> v\u00e4lja:<\/p>\n\n\n\n<figure class=\"wp-block-image size-large\"><img decoding=\"async\" src=\"https:\/\/adriportfoolio6.wordpress.com\/wp-content\/uploads\/2025\/05\/pilt-94.png?w=412\" alt=\"\" class=\"wp-image-528\" \/><\/figure>\n\n\n\n<p>otsime kasutajaid, kellel <code>posts<\/code> massiivis on v\u00e4hemalt \u00fcks postitus, mille <code>title<\/code> on &#8220;javascript&#8221;:<\/p>\n\n\n\n<figure class=\"wp-block-image size-large\"><img decoding=\"async\" src=\"https:\/\/adriportfoolio6.wordpress.com\/wp-content\/uploads\/2025\/05\/pilt-95.png?w=453\" alt=\"\" class=\"wp-image-529\" \/><\/figure>\n\n\n\n<p>Otsime k\u00f5ik kasutajad, kellel on olemas <code>posts<\/code>:<\/p>\n\n\n\n<figure class=\"wp-block-image size-large\"><img decoding=\"async\" src=\"https:\/\/adriportfoolio6.wordpress.com\/wp-content\/uploads\/2025\/05\/pilt-96.png?w=372\" alt=\"\" class=\"wp-image-530\" \/><\/figure>\n\n\n\n<h2 class=\"wp-block-heading\">MongoDB Cloud<\/h2>\n\n\n\n<figure class=\"wp-block-image size-large\"><img decoding=\"async\" src=\"https:\/\/adriportfoolio6.wordpress.com\/wp-content\/uploads\/2025\/05\/pilt-97.png?w=306\" alt=\"\" class=\"wp-image-532\" \/><\/figure>\n\n\n\n<figure class=\"wp-block-image size-large\"><img decoding=\"async\" src=\"https:\/\/adriportfoolio6.wordpress.com\/wp-content\/uploads\/2025\/05\/pilt-99.png?w=1024\" alt=\"\" class=\"wp-image-534\" \/><\/figure>\n\n\n\n<figure class=\"wp-block-image size-large\"><img decoding=\"async\" src=\"https:\/\/adriportfoolio6.wordpress.com\/wp-content\/uploads\/2025\/05\/pilt-100.png?w=747\" alt=\"\" class=\"wp-image-535\" \/><\/figure>\n\n\n\n<figure class=\"wp-block-image size-large\"><img decoding=\"async\" src=\"https:\/\/adriportfoolio6.wordpress.com\/wp-content\/uploads\/2025\/05\/pilt-101.png?w=796\" alt=\"\" class=\"wp-image-536\" \/><\/figure>\n","protected":false},"excerpt":{"rendered":"<p>avame terminali ja kirjutame show dbs, et vaadata meie andmebaase. Seej\u00e4rel loome uue andmebaasi nimega &#8220;mongo&#8221; ning selles kollektsiooni &#8220;users&#8221;: siin n\u00e4eme, et andmebaas on loodud ja k\u00f5ik andmed on lisatud: n\u00e4ide jaoks kustutame seda andmebaasi: see k\u00e4sk loob kollektsioonis uue kasutaja nimega ja vanusega: tagastame k\u00f5ik: lisame korraga mitu andmeid: tagastame andmed: otsime k\u00f5ik [&hellip;]<\/p>\n","protected":false},"author":1,"featured_media":0,"parent":0,"menu_order":0,"comment_status":"closed","ping_status":"closed","template":"page-with-title","meta":{"footnotes":""},"class_list":["post-492","page","type-page","status-publish","hentry"],"yoast_head":"<!-- This site is optimized with the Yoast SEO plugin v27.4 - https:\/\/yoast.com\/product\/yoast-seo-wordpress\/ -->\n<title>noSQL andmebaas - Adriana Pikaljov Portfolio ||| ENG<\/title>\n<meta name=\"robots\" content=\"index, follow, max-snippet:-1, max-image-preview:large, max-video-preview:-1\" \/>\n<link rel=\"canonical\" href=\"https:\/\/adrianapikaljov24.thkit.ee\/wp\/eng\/nosql-andmebaas\/\" \/>\n<meta property=\"og:locale\" content=\"en_GB\" \/>\n<meta property=\"og:type\" content=\"article\" \/>\n<meta property=\"og:title\" content=\"noSQL andmebaas - Adriana Pikaljov Portfolio ||| ENG\" \/>\n<meta property=\"og:description\" content=\"avame terminali ja kirjutame show dbs, et vaadata meie andmebaase. Seej\u00e4rel loome uue andmebaasi nimega &#8220;mongo&#8221; ning selles kollektsiooni &#8220;users&#8221;: siin n\u00e4eme, et andmebaas on loodud ja k\u00f5ik andmed on lisatud: n\u00e4ide jaoks kustutame seda andmebaasi: see k\u00e4sk loob kollektsioonis uue kasutaja nimega ja vanusega: tagastame k\u00f5ik: lisame korraga mitu andmeid: tagastame andmed: otsime k\u00f5ik [&hellip;]\" \/>\n<meta property=\"og:url\" content=\"https:\/\/adrianapikaljov24.thkit.ee\/wp\/eng\/nosql-andmebaas\/\" \/>\n<meta property=\"og:site_name\" content=\"Adriana Pikaljov Portfolio ||| ENG\" \/>\n<meta name=\"twitter:card\" content=\"summary_large_image\" \/>\n<meta name=\"twitter:label1\" content=\"Estimated reading time\" \/>\n\t<meta name=\"twitter:data1\" content=\"1 minute\" \/>\n<script type=\"application\/ld+json\" class=\"yoast-schema-graph\">{\"@context\":\"https:\\\/\\\/schema.org\",\"@graph\":[{\"@type\":\"WebPage\",\"@id\":\"https:\\\/\\\/adrianapikaljov24.thkit.ee\\\/wp\\\/eng\\\/nosql-andmebaas\\\/\",\"url\":\"https:\\\/\\\/adrianapikaljov24.thkit.ee\\\/wp\\\/eng\\\/nosql-andmebaas\\\/\",\"name\":\"noSQL andmebaas - Adriana Pikaljov Portfolio ||| ENG\",\"isPartOf\":{\"@id\":\"https:\\\/\\\/adrianapikaljov24.thkit.ee\\\/wp\\\/eng\\\/#website\"},\"primaryImageOfPage\":{\"@id\":\"https:\\\/\\\/adrianapikaljov24.thkit.ee\\\/wp\\\/eng\\\/nosql-andmebaas\\\/#primaryimage\"},\"image\":{\"@id\":\"https:\\\/\\\/adrianapikaljov24.thkit.ee\\\/wp\\\/eng\\\/nosql-andmebaas\\\/#primaryimage\"},\"thumbnailUrl\":\"https:\\\/\\\/adriportfoolio6.wordpress.com\\\/wp-content\\\/uploads\\\/2025\\\/05\\\/pilt-61.png?w=264\",\"datePublished\":\"2025-05-29T06:05:20+00:00\",\"breadcrumb\":{\"@id\":\"https:\\\/\\\/adrianapikaljov24.thkit.ee\\\/wp\\\/eng\\\/nosql-andmebaas\\\/#breadcrumb\"},\"inLanguage\":\"en-GB\",\"potentialAction\":[{\"@type\":\"ReadAction\",\"target\":[\"https:\\\/\\\/adrianapikaljov24.thkit.ee\\\/wp\\\/eng\\\/nosql-andmebaas\\\/\"]}]},{\"@type\":\"ImageObject\",\"inLanguage\":\"en-GB\",\"@id\":\"https:\\\/\\\/adrianapikaljov24.thkit.ee\\\/wp\\\/eng\\\/nosql-andmebaas\\\/#primaryimage\",\"url\":\"https:\\\/\\\/adriportfoolio6.wordpress.com\\\/wp-content\\\/uploads\\\/2025\\\/05\\\/pilt-61.png?w=264\",\"contentUrl\":\"https:\\\/\\\/adriportfoolio6.wordpress.com\\\/wp-content\\\/uploads\\\/2025\\\/05\\\/pilt-61.png?w=264\"},{\"@type\":\"BreadcrumbList\",\"@id\":\"https:\\\/\\\/adrianapikaljov24.thkit.ee\\\/wp\\\/eng\\\/nosql-andmebaas\\\/#breadcrumb\",\"itemListElement\":[{\"@type\":\"ListItem\",\"position\":1,\"name\":\"Home\",\"item\":\"https:\\\/\\\/adrianapikaljov24.thkit.ee\\\/wp\\\/eng\\\/\"},{\"@type\":\"ListItem\",\"position\":2,\"name\":\"noSQL andmebaas\"}]},{\"@type\":\"WebSite\",\"@id\":\"https:\\\/\\\/adrianapikaljov24.thkit.ee\\\/wp\\\/eng\\\/#website\",\"url\":\"https:\\\/\\\/adrianapikaljov24.thkit.ee\\\/wp\\\/eng\\\/\",\"name\":\"Adriana Pikaljov Portfolio ||| ENG\",\"description\":\"\",\"potentialAction\":[{\"@type\":\"SearchAction\",\"target\":{\"@type\":\"EntryPoint\",\"urlTemplate\":\"https:\\\/\\\/adrianapikaljov24.thkit.ee\\\/wp\\\/eng\\\/?s={search_term_string}\"},\"query-input\":{\"@type\":\"PropertyValueSpecification\",\"valueRequired\":true,\"valueName\":\"search_term_string\"}}],\"inLanguage\":\"en-GB\"}]}<\/script>\n<!-- \/ Yoast SEO plugin. -->","yoast_head_json":{"title":"noSQL andmebaas - Adriana Pikaljov Portfolio ||| ENG","robots":{"index":"index","follow":"follow","max-snippet":"max-snippet:-1","max-image-preview":"max-image-preview:large","max-video-preview":"max-video-preview:-1"},"canonical":"https:\/\/adrianapikaljov24.thkit.ee\/wp\/eng\/nosql-andmebaas\/","og_locale":"en_GB","og_type":"article","og_title":"noSQL andmebaas - Adriana Pikaljov Portfolio ||| ENG","og_description":"avame terminali ja kirjutame show dbs, et vaadata meie andmebaase. Seej\u00e4rel loome uue andmebaasi nimega &#8220;mongo&#8221; ning selles kollektsiooni &#8220;users&#8221;: siin n\u00e4eme, et andmebaas on loodud ja k\u00f5ik andmed on lisatud: n\u00e4ide jaoks kustutame seda andmebaasi: see k\u00e4sk loob kollektsioonis uue kasutaja nimega ja vanusega: tagastame k\u00f5ik: lisame korraga mitu andmeid: tagastame andmed: otsime k\u00f5ik [&hellip;]","og_url":"https:\/\/adrianapikaljov24.thkit.ee\/wp\/eng\/nosql-andmebaas\/","og_site_name":"Adriana Pikaljov Portfolio ||| ENG","twitter_card":"summary_large_image","twitter_misc":{"Estimated reading time":"1 minute"},"schema":{"@context":"https:\/\/schema.org","@graph":[{"@type":"WebPage","@id":"https:\/\/adrianapikaljov24.thkit.ee\/wp\/eng\/nosql-andmebaas\/","url":"https:\/\/adrianapikaljov24.thkit.ee\/wp\/eng\/nosql-andmebaas\/","name":"noSQL andmebaas - Adriana Pikaljov Portfolio ||| ENG","isPartOf":{"@id":"https:\/\/adrianapikaljov24.thkit.ee\/wp\/eng\/#website"},"primaryImageOfPage":{"@id":"https:\/\/adrianapikaljov24.thkit.ee\/wp\/eng\/nosql-andmebaas\/#primaryimage"},"image":{"@id":"https:\/\/adrianapikaljov24.thkit.ee\/wp\/eng\/nosql-andmebaas\/#primaryimage"},"thumbnailUrl":"https:\/\/adriportfoolio6.wordpress.com\/wp-content\/uploads\/2025\/05\/pilt-61.png?w=264","datePublished":"2025-05-29T06:05:20+00:00","breadcrumb":{"@id":"https:\/\/adrianapikaljov24.thkit.ee\/wp\/eng\/nosql-andmebaas\/#breadcrumb"},"inLanguage":"en-GB","potentialAction":[{"@type":"ReadAction","target":["https:\/\/adrianapikaljov24.thkit.ee\/wp\/eng\/nosql-andmebaas\/"]}]},{"@type":"ImageObject","inLanguage":"en-GB","@id":"https:\/\/adrianapikaljov24.thkit.ee\/wp\/eng\/nosql-andmebaas\/#primaryimage","url":"https:\/\/adriportfoolio6.wordpress.com\/wp-content\/uploads\/2025\/05\/pilt-61.png?w=264","contentUrl":"https:\/\/adriportfoolio6.wordpress.com\/wp-content\/uploads\/2025\/05\/pilt-61.png?w=264"},{"@type":"BreadcrumbList","@id":"https:\/\/adrianapikaljov24.thkit.ee\/wp\/eng\/nosql-andmebaas\/#breadcrumb","itemListElement":[{"@type":"ListItem","position":1,"name":"Home","item":"https:\/\/adrianapikaljov24.thkit.ee\/wp\/eng\/"},{"@type":"ListItem","position":2,"name":"noSQL andmebaas"}]},{"@type":"WebSite","@id":"https:\/\/adrianapikaljov24.thkit.ee\/wp\/eng\/#website","url":"https:\/\/adrianapikaljov24.thkit.ee\/wp\/eng\/","name":"Adriana Pikaljov Portfolio ||| ENG","description":"","potentialAction":[{"@type":"SearchAction","target":{"@type":"EntryPoint","urlTemplate":"https:\/\/adrianapikaljov24.thkit.ee\/wp\/eng\/?s={search_term_string}"},"query-input":{"@type":"PropertyValueSpecification","valueRequired":true,"valueName":"search_term_string"}}],"inLanguage":"en-GB"}]}},"_links":{"self":[{"href":"https:\/\/adrianapikaljov24.thkit.ee\/wp\/eng\/wp-json\/wp\/v2\/pages\/492","targetHints":{"allow":["GET"]}}],"collection":[{"href":"https:\/\/adrianapikaljov24.thkit.ee\/wp\/eng\/wp-json\/wp\/v2\/pages"}],"about":[{"href":"https:\/\/adrianapikaljov24.thkit.ee\/wp\/eng\/wp-json\/wp\/v2\/types\/page"}],"author":[{"embeddable":true,"href":"https:\/\/adrianapikaljov24.thkit.ee\/wp\/eng\/wp-json\/wp\/v2\/users\/1"}],"replies":[{"embeddable":true,"href":"https:\/\/adrianapikaljov24.thkit.ee\/wp\/eng\/wp-json\/wp\/v2\/comments?post=492"}],"version-history":[{"count":0,"href":"https:\/\/adrianapikaljov24.thkit.ee\/wp\/eng\/wp-json\/wp\/v2\/pages\/492\/revisions"}],"wp:attachment":[{"href":"https:\/\/adrianapikaljov24.thkit.ee\/wp\/eng\/wp-json\/wp\/v2\/media?parent=492"}],"curies":[{"name":"wp","href":"https:\/\/api.w.org\/{rel}","templated":true}]}}